*(-60)/(-9)?
1
Suppose 4*f + 7*l - 148 = 3*l, 0 = 4*f - 2*l - 118. What is the tens digit of f?
3
Let o be 41 + (-3)/(-5 - -2). Let n = -18 + o. What is the units digit of (-25)/(-10)*n/10?
6
Let t(a) = -a**3 + 9*a**2 + 4. Let h be (-115)/(-13) - 2/(-13). What is the units digit of t(h)?
4
Suppose -4*n - 22 = -5*b - n, -b - 5*n = 18. What is the units digit of 2*8*1/b?
8
Suppose 3*g = -4*m + 286, 8*m - 3 = 5*m. What is the tens digit of g?
9
Suppose -5*t + k = -k + 5, -3*k = 4*t + 4. Let n be 0*(t + -1 + 3). Suppose 2*w + n*w = 4. What is the units digit of w?
2
Let q = -27 + 16. Let k = q + 15. What is the units digit of k/(-2) + 1 + 4?
3
Let d be (-56 - -8)*(-3)/4. Let b = d + -23. What is the units digit of b?
3
Let b = -2 + 5. Suppose -2*p + b*p = 4. Suppose -10 = -p*k - n, 0 = -4*k - 5*n + 3 - 1. What is the units digit of k?
3
Let l = 3 - 3. Let d be -3 - (1 - l)*0. Let g = d + 4. What is the units digit of g?
1
Let r(a) = -a**2 - 22*a - 44. What is the units digit of r(-18)?
8
Suppose 2*y + w = 5*y - 91, -5*w + 89 = 2*y. What is the units digit of y?
2
Let k = -15 - -43. What is the tens digit of k?
2
Suppose 0 = 4*z - 1 - 3. Suppose u - z = 2. What is the units digit of u?
3
Suppose -5*x - 28 = -8. Let j = x - -6. Suppose -j*v + 4 = -6. What is the units digit of v?
5
Let h(m) = -m**2 + 8*m - 9. Let f be h(6). Suppose f*i + w - 12 = -2*w, -i + 2 = 2*w. Let b(c) = 2*c - 9. What is the units digit of b(i)?
3
Let w = -2 + 7. Let n be (-730)/(-6) + (-10)/15. Suppose -w*a = -n + 16. What is the units digit of a?
1
Let l(v) = v**2 - 8*v - 1. Let a be l(5). Let n be 26/(-4) + 4/8. What is the units digit of a*3/n - -1?
9
Suppose -8 = -v + 2*r, -5*v + 4*r + 25 + 3 = 0. Suppose 7*b - 2*b + 4*f = 53, 2*b - 26 = -v*f. Let d = -4 + b. What is the units digit of d?
5
Suppose 0 = -4*w + 5*m + 12, -4*w - m = 7 + 5. What is the tens digit of (-36 - 4/w)/(-2)?
1
Suppose -6 = -3*z + z. Suppose i - 5*f - 4 = 0, 5*f - 2*f + 48 = z*i. Let n = 28 - i. What is the units digit of n?
9
Suppose 592 = 5*w + 5*t + 112, 212 = 2*w - 3*t. What is the hundreds digit of w?
1
Let k = 9 - -65. What is the tens digit of k?
7
Let x(j) = -2*j**3 - 2*j. Let g be x(2). What is the units digit of (32/g)/((-3)/30)?
6
Suppose 4*o - 154 - 14 = 0. Suppose 0 = 4*z - o - 26. What is the units digit of z?
7
Let f(d) = 7*d + 7. Let n(b) = -6*b - 7. Let g(x) = -5*f(x) - 6*n(x). Suppose c = 4*l - 9, -4 = 4*c + 5*l + 11. What is the units digit of g(c)?
2
Let w be 4/10 - 106/(-10). Suppose -3*h + 1 = -w. What is the units digit of h?
4
Let m be 0 - -1 - -5*1. Suppose 4*w + 44 = m*w. Let o = w + -11. What is the units digit of o?
1
What is the tens digit of 49 + (4 + -1 - 4)?
4
Suppose 5*t = 10*t. Let g be (t + 3)/((-7)/357). What is the units digit of 6/(-9)*g/6?
7
Let s(m) = -3*m + 8. Let t be s(6). Let z = -6 - t. What is the units digit of z?
4
Let k be (3/6)/((-2)/(-4)). Let o = k - -2. Suppose o*f = 30 - 6. What is the units digit of f?
8
Let u(h) = 276*h**2 - 4*h + 3. What is the tens digit of u(1)?
7
Suppose 0 = f - 23 - 0. Suppose -2*g + f = -5*s, s - 107 = -3*g - 30. What is the tens digit of g?
2
Suppose 0 = 2*x + 11 - 47. Let j = x - 13. What is the units digit of j?
5
Suppose 0 = 4*o + 3*s - 16, 0*s + 5*s - 24 = -4*o. Let z(i) = 22*i**3 - i + 1. Let m be z(o). Let a = m - 13. What is the units digit of a?
9
Let y = 7 - 14. Let b(k) = k**2 + 5*k - 10. Let u be b(y). What is the units digit of (-13)/u*(0 - 4)?
3
Let f(t) = t**2 - 6*t - 5. Let m be f(7). Let w be 1/m*0 - -2. Suppose -5*l + 38 = -0*l - w*o, l - 13 = -5*o. What is the units digit of l?
8
Suppose 4*s = -q - 16, q - 2*s - 2 = 3*q. Suppose 4*f - 32 = q. What is the units digit of f?
9
Let y = -4 + 11. Suppose -3*x + y = 19. What is the tens digit of x/10 - 462/(-30)?
1
Suppose 0*g - 84 = -g. Suppose 5*f - g = f - 3*m, 52 = 3*f + 5*m. What is the units digit of f?
4
Suppose 10*p - 440 = -10*p. What is the units digit of p?
2
Let c(l) = -4*l**2 - 5*l - 3. Let g(w) = w**2 + 2*w + 1. Let f(h) = -2*c(h) - 7*g(h). Let b be f(4). Let a = 4 + b. What is the units digit of a?
3
Let b(x) = x + 16. Let h(g) = g**3 - 10*g**2 + 9*g. Let u be h(9). Let o be b(u). Suppose o = 2*n + 4. What is the units digit of n?
6
Let a be 1/3*(-2 - -8). Suppose a*l = -3*l + 65. What is the tens digit of l?
1
Let w = 40 + -25. Let r = w + -4. What is the units digit of r?
1
Suppose w = n + 5*w - 2, -5*w - 3 = 4*n. What is the units digit of (6 - 3) + (0 - n)?
5
Let m(a) = -17*a**3 - a + 1. Let w be m(1). Let f = w + 28. What is the tens digit of f?
1
What is the tens digit of (-8)/(-14) - 3700/(-140)?
2
What is the units digit of (-2 + (-10)/(-6))*-183?
1
Let a(z) = 8*z - 77. What is the units digit of a(14)?
5
Let j = 134 + -60. Suppose 2*q - 75 - 48 = -5*b, -j = -3*b - q. What is the tens digit of b?
2
Let y be 68/12 + 2/(-3). Suppose 5*r = 25 - y. What is the units digit of r?
4
Let b = -6 - -51. What is the tens digit of b?
4
Suppose -5*z + j + 13 + 152 = 0, -j = 5*z - 155. What is the units digit of z?
2
Suppose -5 = -2*p + 7. Let s = 14 - p. What is the units digit of s?
8
Let q = -5 - -1. Let u(t) be the third derivative of -t**5/60 - t**4/8 + 5*t**3/6 + t**2. What is the units digit of u(q)?
1
Suppose -3*h + 69 + 42 = 0. What is the tens digit of h?
3
Let q be 123/12 - 3/12. Let y = -6 + q. Suppose y*a = -2*r + 32, -3 = a - 3*r + 3. What is the units digit of a?
6
Let p = 1 - -4. Suppose 0*t - 15 = -p*t. Suppose -t*v - 5 = -8*v. What is the units digit of v?
1
Let b = 23 - -4. What is the units digit of b?
7
Let a = 3 + 1. Suppose 3*h + 5*p = 19, p - 3*p - 8 = -a*h. Suppose -h = i - 8. What is the units digit of i?
5
Let a(b) = 2*b**3 - 5*b**2 + b + 3. What is the units digit of a(4)?
5
Suppose 30 = 2*i - 4*i. Let x be (-6)/i*(0 - -5). Suppose -x*k - 6 = -5*k. What is the units digit of k?
2
What is the tens digit of -215*(2 + -3) + (-1 - -1)?
1
Suppose -y - h - 3 = 0, -4*y - 4*h + h - 11 = 0. Let g(a) = -a**3 + 3*a**2 + 6*a - 6. Let b be g(4). What is the units digit of b + (0/2)/y?
2
Let a be 14/(-2) - 0 - 0. Let t be a - (-1)/(2/4). Let v(l) = l**2 + 3*l - 6. What is the units digit of v(t)?
4
Suppose 0 = 4*w - 2*b - 10, b - 2 - 21 = -5*w. Suppose 4*m - 4*s + 16 = -4, -4*m - 4*s - w = 0. Let v = 6 + m. What is the units digit of v?
3
Let n = 36 + 5. What is the units digit of n?
1
Let b = -3 + 3. Let g = b + 4. Suppose -16 = -2*m + 2*i, -3*i - 19 = -2*m - g. What is the units digit of m?
9
Let x be (23/(-2))/(2/(-4)). Let t be (16/(-20))/(3/(-15)). Suppose -x = -t*b + 9. What is the units digit of b?
8
Let j(h) = -h**2 + 4*h + 3. Let l be j(-2). Let c = -9 - l. Suppose c = -5*b + g + 53, -5*b - 5*g - 6 + 41 = 0. What is the units digit of b?
0
Let x = 45 - 22. Suppose -18 = -4*k + 5*w, -5*w = -3*k + x - 7. Suppose 0 = -q - 5*v + 32, 4*q = 3*q + 5*v + k. What is the tens digit of q?
1
Let x = 22 - 14. Suppose 7*i = 3*i + x. What is the units digit of i?
2
Suppose -17 = -5*i - u, 0*i + 4*i = -5*u + 22. Suppose 2*m = i*m - 14. What is the tens digit of m?
1
Let p(f) = -f**2 - 10*f - 7. Let d be 10/25 + (-47)/5. What is the units digit of p(d)?
2
Suppose 5*c - 275 = -3*q, 6*c + 3*q = 2*c + 220. What is the units digit of c?
5
Suppose 3 = -w + 5*r + 27, w + 2*r = -11. Let n = w - -3. What is the units digit of n?
2
Let w(u) = u**3 - u**2 - u. Let j be w(2). Suppose 2*l - 5 = -j*x - x, 3*l = 2*x + 1. What is the units digit of x?
1
Let f = 65 - 37. What is the units digit of f?
8
Let p be (-3)/(-15) + (-22)/10. Let c be p - (-1 - -1 - 9). Let w(b) = b**3 - 6*b**2 - 5*b - 10. What is the units digit of w(c)?
4
Let u = -250 - -553. What is the hundreds digit of u?
3
Let y(z) = -z + 1. Let o be y(1). Suppose -m + r + 0*r + 14 = o, -4*r - 36 = -2*m. What is the tens digit of m?
1
Suppose -2*r + 17 = -95. Let t = r + -31. What is the units digit of t?
5
Let i be -2*4/8 - 1. Suppose 3*l - 6 - 9 = 0. Let f = i + l. What is the units digit of f?
3
Let n(b) = -1. Let w(c) = -3*c + 1. Let i(v) = 3*n(v) - w(v). Let d be i(3). Suppose d*o - 2 = z, z - 4*o + 51 = 4*z. What is the units digit of z?
3
Suppose 5*r + 161 = m + 4*r, -2*m + 350 = 5*r. What is the units digit of m?
5
Suppose 3*m - 12 = 7*m, -5*m + 33 = -2*x. Let l = -16 - x. Suppose 3*o -